multiple of 7?
False
Does 16 divide 407648?
True
Does 7 divide 281663?
False
Does 146 divide 146514?
False
Does 141 divide 423564?
True
Is 1254703 a multiple of 278?
False
Does 122 divide 19074?
False
Does 303 divide 76959?
False
Is 346107 a multiple of 23?
False
Does 64 divide 82816?
True
Is 283644 a multiple of 18?
True
Is 282053 a multiple of 992?
False
Does 232 divide 159848?
True
Does 2034 divide 10953090?
True
Is 9846 a multiple of 9?
True
Does 46 divide 3088164?
True
Is 78120 a multiple of 186?
True
Does 111 divide 136863?
True
Is 464 a factor of 92800?
True
Is 67 a factor of 63181?
True
Is 1504242 a multiple of 433?
True
Is 2572278 a multiple of 6?
True
Is 15886 a multiple of 26?
True
Is 6709263 a multiple of 579?
False
Does 55 divide 314875?
True
Is 7 a factor of 218719?
False
Is 7969520 a multiple of 40?
True
Is 28 a factor of 45612?
True
Is 9715922 a multiple of 1607?
True
Does 219 divide 143123?
False
Is 31 a factor of 74028?
True
Is 53 a factor of 538215?
True
Is 367908 a multiple of 129?
True
Is 1145976 a multiple of 312?
True
Is 5 a factor of 171185?
True
Is 302325 a multiple of 15?
True
Is 25960 a multiple of 22?
True
Is 414432 a multiple of 72?
True
Does 22 divide 4525488?
True
Is 16 a factor of 137172?
False
Is 25160 a multiple of 20?
True
Does 24 divide 126915?
False
Is 225 a factor of 647738?
False
Is 392 a factor of 291801?
False
Does 27 divide 372600?
True
Does 154 divide 309386?
True
Is 598578 a multiple of 67?
True
Is 15 a factor of 2507239?
False
Is 5296665 a multiple of 753?
False
Is 887 a factor of 179409?
False
Is 14 a factor of 43136?
False
Is 4 a factor of 809094?
False
Is 13651 even?
False
Is 64 a factor of 725212?
False
Does 569 divide 101065?
False
Is 79 a factor of 365138?
True
Does 30 divide 459870?
True
Is 747198 a multiple of 34?
False
Is 8300151 a multiple of 243?
True
Is 14 a factor of 2373280?
True
Is 1631009 a multiple of 607?
True
Is 6 a factor of 806874?
True
Is 12972839 a multiple of 473?
False
Is 22 a factor of 1093802?
False
Does 147 divide 1319336?
False
Is 9 a factor of 4265891?
False
Is 1259059 a multiple of 11?
False
Is 355 a factor of 242179?
False
Is 3013061 a multiple of 76?
False
Is 532 a factor of 193420?
False
Is 1052159 a multiple of 518?
False
Is 15434844 a multiple of 29?
True
Is 98456 a multiple of 8?
True
Is 15 a factor of 287940?
True
Is 3516455 a multiple of 140?
False
Is 314 a factor of 5112548?
True
Is 2407942 a multiple of 19?
False
Is 215174 a multiple of 115?
False
Does 197 divide 46098?
True
Is 3219354 a multiple of 20?
False
Does 26 divide 158912?
True
Is 3101327 a multiple of 366?
False
Is 6553860 a multiple of 20?
True
Is 8631792 a multiple of 318?
True
Is 673513 a multiple of 40?
False
Is 256 a factor of 4904960?
True
Is 220 a factor of 1003157?
False
Does 330 divide 2802690?
True
Is 7 a factor of 1043745?
False
Is 8 a factor of 19141?
False
Is 177 a factor of 552063?
True
Does 65 divide 159263?
False
Does 728 divide 35130?
False
Does 81 divide 79542?
True
Is 138021 a multiple of 13?
True
Is 532207 a multiple of 7?
False
Is 575848 a multiple of 27?
False
Does 21 divide 11340?
True
Does 253 divide 133584?
True
Is 105991 a multiple of 11?
False
Is 14 a factor of 245131?
False
Is 150 a factor of 374198?
False
Is 148 a factor of 278303?
False
Is 439 a factor of 1208128?
True
Does 90 divide 9917488?
False
Is 697536 a multiple of 16?
True
Is 165 a factor of 821232?
False
Is 21 a factor of 938511?
True
Is 5196075 a multiple of 133?
False
Is 1544120 a multiple of 20?
True
Is 6537387 a multiple of 57?
True
Does 9 divide 41247?
True
Is 8248 a multiple of 8?
True
Is 6491015 a multiple of 398?
False
Is 8 a factor of 9703117?
False
Is 719 a factor of 1134707?
False
Is 360915 a multiple of 29?
False
Is 6 a factor of 1127392?
False
Does 55 divide 472725?
True
Is 9 a factor of 5350815?
True
Is 33144608 a multiple of 16?
True
Is 19 a factor of 499130?
True
Is 4 a factor of 260084?
True
Is 1017316 a multiple of 175?
False
Is 772072 a multiple of 49?
False
Is 679675 a multiple of 83?
False
Does 472 divide 1421210?
False
Is 9086078 a multiple of 813?
False
Does 52 divide 29876?
False
Is 27 a factor of 46392?
False
Is 13 a factor of 7974346?
False
Is 8478206 a multiple of 215?
False
Is 244 a factor of 104570?
False
Is 158946 a multiple of 692?
False
Is 57987 a multiple of 51?
True
Does 65 divide 134030?
True
Is 247 a factor of 132145?
True
Is 110 a factor of 316360?
True
Is 1562599 a multiple of 11?
False
Is 146 a factor of 300468?
True
Does 443 divide 2058317?
False
Does 33 divide 61149?
True
Does 14 divide 4582023?
False
Is 591136 a multiple of 14?
True
Does 107 divide 104111?
True
Is 54 a factor of 244404?
True
Does 50 divide 640250?
True
Is 30 a factor of 773940?
True
Does 82 divide 1063991?
False
Is 95712 a multiple of 9?
False
Is 3 a factor of 610386?
True
Is 1457937 a multiple of 319?
False
Is 8642190 a multiple of 21?
False
Is 5402109 a multiple of 70?
False
Does 14 divide 12647978?
True
Does 29 divide 4032?
False
Does 5 divide 156029?
False
Is 2389607 a multiple of 315?
False
Does 102 divide 261018?
True
Does 6 divide 111958?
False
Does 596 divide 7140080?
True
Is 819888 a multiple of 48?
True
Does 4 divide 337155?
False
Does 253 divide 180446?
False
Is 60 a factor of 1416360?
True
Is 734 a factor of 367000?
True
Does 98 divide 5407000?
False
Does 128 divide 846208?
True
Does 5 divide 155256?
False
Is 2387280 a multiple of 3?
True
Is 13579 a multiple of 12?
False
Is 262 a factor of 744389?
False
Is 69864 a multiple of 69?
False
Is 24 a factor of 198974?
False
Does 37 divide 203048?
False
Does 22 divide 233037?
False
Is 174603 a multiple of 13?
True
Is 2851 a factor of 16515814?
False
Is 6878266 a multiple of 1142?
True
Does 733 divide 5687347?
True
Is 265 a factor of 311173?
False
Does 7 divide 58947?
True
Is 16703550 a multiple of 9?
True
Is 247 a factor of 140049?
True
Is 3665644 a multiple of 248?
False
Is 7437848 a multiple of 273?
False
Is 18 a factor of 223953?
False
Is 2655776 a multiple of 2?
True
Does 27 divide 3317847?
False
Does 14 divide 1243785?
False
Is 32 a factor of 2611664?
False
Does 24 divide 30197300?
False
Is 8 a factor of 27544?
True
Does 99 divide 9432?
False
Is 209 a factor of 35848?
False
Is 16 a factor of 34221?
False
Is 658 a factor of 308602?
True
Is 66088 a multiple of 4?
True
Is 315560 a multiple of 166?
False
Is 11063200 a multiple of 5?
True
Is 36 a factor of 22372740?
True
Does 599 divide 158136?
True
Is 1216083 a multiple of 22?
False
Is 42 a factor of 625135?
False
Does 426 divide 1914018?
True
Is 98 a factor of 381808?
True
Does 95 divide 76475?
True
Does 17 divide 481797?
True
Does 124 divide 137516?
True
Does 217 divide 1286?
False
Is 222 a factor of 614718?
True
Is 13 a factor of 313547?
True
Does 13 divide 3573317?
False
Does 1223 divide 27714403?
True
Does 73 divide 12706088?
True
Is 34848000 a multiple of 352?
True
Is 4 a factor of 3506?
False
Is 23375 a multiple of 4?
False
Is 204000 a multiple of 8?
True
Is 489900 a multiple of 46?
True
Is 44 a factor of 50985?
False
Is 142 a factor of 3027883?
False
Is 29 a factor of 190588?
True
Does 132 divide 754639?
False
Is 253351 a multiple of 119?
True
Does 15 divide 217215?
True
Is 217 a factor of 941557?
False
Is 15 a factor of 778052?
False
Does 10 divide 129057?
False
Does 81 divide 66663?
True
Does 21 divide 1737829?
False
Is 6 a factor of 29207?
False
Is 902305 a multiple of 113?
True
Is 903170 a multiple of 74?
True
Is 40442 a multiple of 73?
True
Does 384 divide 2041300?
False
Is 10213890 a multiple of 512?
False
Does 257 divide 452834?
True
Is 1509687 a multiple of 249?
True
Is 7 a factor of 1711980?
False
Is 7013156 a multiple of 58?
False
Does 625 divide 5581565?
False
Does 8 divide 1197584?
True
Does 316 divide 184544?
True
Is 216 a factor of 185328?
True
Is 69 a factor of 921282?
False
Is 13 a factor of 5870826?
True
Is 26180 a multiple of 10?
True
Is 3020458 a multiple of 126?
False
Is 612 a factor of 142596?
True
Does 367 divide 108873?
False
Is 158 a factor of 329190?
False
Is 39 a factor of 93930?
False
Is 224087 a multiple of 37?
False
Is 238 a factor of 992036?
False
Does 143 divide 120495?
False
Is 32745 a multiple of 3?
True
Is 275 a factor of 100597?
False
Is 15 a factor o